{"id":65,"date":"2018-07-11T12:30:07","date_gmt":"2018-07-11T12:30:07","guid":{"rendered":"http:\/\/imeselectrosll.com\/?page_id=65"},"modified":"2018-07-11T12:30:07","modified_gmt":"2018-07-11T12:30:07","slug":"domotica","status":"publish","type":"page","link":"https:\/\/imeselectrosll.com\/index.php\/domotica\/","title":{"rendered":"Dom\u00f3tica"},"content":{"rendered":"<p><strong>Dom\u00f3tica<\/strong><\/p>\n<p>Dotar una vivienda u otra instalaci\u00f3n de sistemas de seguridad, bienestar, de comunicaci\u00f3n, y de gesti\u00f3n energ\u00e9tica, por medio de redes de comunicaci\u00f3n que permiten manejar el sistema desde dentro o a distancia en cualquier punto con conexi\u00f3n a la red.<\/p>\n<div id=\"apDiv4\"><img loading=\"lazy\" decoding=\"async\" src=\"http:\/\/www.imeselectrosll.com\/images\/etiquetadomotica.gif\" alt=\"dom\u00f3tica\" width=\"250\" height=\"229\" \/><\/div>\n<p>&nbsp;<\/p>\n","protected":false},"excerpt":{"rendered":"<p>Dom\u00f3tica Dotar una vivienda u otra instalaci\u00f3n de sistemas de seguridad, bienestar, de comunicaci\u00f3n, y de gesti\u00f3n energ\u00e9tica, por medio de redes [&hellip;]<\/p>\n","protected":false},"author":1,"featured_media":0,"parent":0,"menu_order":0,"comment_status":"closed","ping_status":"closed","template":"","meta":{"ngg_post_thumbnail":0,"footnotes":""},"class_list":["post-65","page","type-page","status-publish","hentry"],"_links":{"self":[{"href":"https:\/\/imeselectrosll.com\/index.php\/wp-json\/wp\/v2\/pages\/65","targetHints":{"allow":["GET"]}}],"collection":[{"href":"https:\/\/imeselectrosll.com\/index.php\/wp-json\/wp\/v2\/pages"}],"about":[{"href":"https:\/\/imeselectrosll.com\/index.php\/wp-json\/wp\/v2\/types\/page"}],"author":[{"embeddable":true,"href":"https:\/\/imeselectrosll.com\/index.php\/wp-json\/wp\/v2\/users\/1"}],"replies":[{"embeddable":true,"href":"https:\/\/imeselectrosll.com\/index.php\/wp-json\/wp\/v2\/comments?post=65"}],"version-history":[{"count":1,"href":"https:\/\/imeselectrosll.com\/index.php\/wp-json\/wp\/v2\/pages\/65\/revisions"}],"predecessor-version":[{"id":67,"href":"https:\/\/imeselectrosll.com\/index.php\/wp-json\/wp\/v2\/pages\/65\/revisions\/67"}],"wp:attachment":[{"href":"https:\/\/imeselectrosll.com\/index.php\/wp-json\/wp\/v2\/media?parent=65"}],"curies":[{"name":"wp","href":"https:\/\/api.w.org\/{rel}","templated":true}]}}